1 is divided by 534?
23
Calculate the remainder when 174518234 is divided by 2.
0
What is the remainder when 62460 is divided by 2256?
1548
What is the remainder when 314321307 is divided by 566?
565
Calculate the remainder when 836131 is divided by 403.
309
Calculate the remainder when 241899 is divided by 312.
99
Calculate the remainder when 31249 is divided by 15501.
247
Calculate the remainder when 210246 is divided by 937.
358
What is the remainder when 2376 is divided by 59?
16
Calculate the remainder when 255242481 is divided by 2312.
2305
What is the remainder when 538423 is divided by 550?
523
Calculate the remainder when 169314 is divided by 169299.
15
Calculate the remainder when 786483 is divided by 2015.
633
What is the remainder when 823226 is divided by 36?
14
Calculate the remainder when 119435 is divided by 23622.
1325
What is the remainder when 2145064 is divided by 41?
26
Calculate the remainder when 115277035 is divided by 2901.
2899
Calculate the remainder when 49204 is divided by 692.
72
Calculate the remainder when 4323224 is divided by 105437.
307
What is the remainder when 3698134 is divided by 702?
700
Calculate the remainder when 78393264 is divided by 3135730.
14
What is the remainder when 235273120 is divided by 38?
34
What is the remainder when 4503831 is divided by 281489?
7
What is the remainder when 705574 is divided by 1735?
1164
What is the remainder when 2248655 is divided by 11773?
12
What is the remainder when 37121 is divided by 8686?
2377
Calculate the remainder when 42800 is divided by 41922.
878
What is the remainder when 125329 is divided by 125275?
54
Calculate the remainder when 21133810 is divided by 2327.
2323
Calculate the remainder when 186530 is divided by 93101.
328
Calculate the remainder when 1788802 is divided by 1423.
91
Calculate the remainder when 9862 is divided by 922.
642
Calculate the remainder when 32012425 is divided by 16006200.
25
Calculate the remainder when 387849 is divided by 255.
249
What is the remainder when 19645473 is divided by 6548455?
108
Calculate the remainder when 26322 is divided by 5159.
527
What is the remainder when 449508 is divided by 86?
72
Calculate the remainder when 1113186 is divided by 9514.
48
Calculate the remainder when 1055185 is divided by 31975.
10
Calculate the remainder when 2117807 is divided by 23531.
17
Calculate the remainder when 895077 is divided by 473.
161
Calculate the remainder when 199488 is divided by 5902.
4722
What is the remainder when 28663436 is divided by 1832?
1796
Calculate the remainder when 174014 is divided by 86825.
364
What is the remainder when 34311025 is divided by 45?
10
Calculate the remainder when 34971207 is divided by 834.
753
Calculate the remainder when 3374648 is divided by 88.
24
Calculate the remainder when 1441791 is divided by 205825.
1016
Calculate the remainder when 67751 is divided by 2939.
154
Calculate the remainder when 2088771 is divided by 104436.
51
Calculate the remainder when 193934 is divided by 96671.
592
What is the remainder when 11785951 is divided by 11785924?
27
What is the remainder when 742627 is divided by 1785?
67
Calculate the remainder when 52910231 is divided by 762.
761
Calculate the remainder when 134191086 is divided by 137.
134
What is the remainder when 2415284 is divided by 805037?
173
Calculate the remainder when 329364 is divided by 517.
35
What is the remainder when 7341755 is divided by 348?
347
Calculate the remainder when 375482 is divided by 21.
2
Calculate the remainder when 916770 is divided by 473.
96
Calculate the remainder when 6563669 is divided by 2547.
50
What is the remainder when 2879667 is divided by 1951?
1942
Calculate the remainder when 3771 is divided by 3215.
556
Calculate the remainder when 528811 is divided by 8225.
2411
Calculate the remainder when 2508947 is divided by 35.
7
What is the remainder when 120787 is divided by 39485?
2332
What is the remainder when 9511 is divided by 1493?
553
What is the remainder when 79105744 is divided by 1171?
10
What is the remainder when 79758 is divided by 26569?
51
What is the remainder when 3142654 is divided by 24174?
34
Calculate the remainder when 398239 is divided by 406.
359
What is the remainder when 436233 is divided by 29?
15
Calculate the remainder when 33637755 is divided by 11212582.
9
Calculate the remainder when 831120 is divided by 276.
84
What is the remainder when 2135376 is divided by 207?
171
Calculate the remainder when 292796971 is divided by 146398482.
7
Calculate the remainder when 148001 is divided by 347.
179
What is the remainder when 1339624 is divided by 669789?
46
What is the remainder when 369559472 is divided by 396?
392
Calculate the remainder when 87168 is divided by 2559.
162
What is the remainder when 1918971 is divided by 12879?
0
What is the remainder when 1211096 is divided by 996?
956
What is the remainder when 8806276 is divided by 32737?
23
What is the remainder when 42082331 is divided by 2258?
2243
Calculate the remainder when 31639 is divided by 6026.
1509
Calculate the remainder when 289172 is divided by 240.
212
What is the remainder when 242014426 is divided by 53?
49
Calculate the remainder when 3307111558 is divided by 72.
70
What is the remainder when 766507 is divided by 3721?
3702
Calculate the remainder when 362359 is divided by 199.
179
What is the remainder when 10855 is divided by 10821?
34
Calculate the remainder when 260782447 is divided by 4122.
4117
What is the remainder when 42057 is divided by 10440?
297
Calculate the remainder when 6694422 is divided by 326.
12
What is the remainder when 130181 is divided by 10560?
3461
Calculate the remainder when 2362839 is divided by 2434.
1859
Calculate the remainder when 446583 is divided by 225.
183
Calculate the remainder when 5651934 is divided by 1815.
24
Calculate the remainder when 383627 is divided by 941.
640
Calculate the remainder when 556740921 is divided by 534.
531
Calculate the remainder when 4876741 is divided by 403.
38
Calculate the remainder when 5621032 is divided by 6897.
6874
Calculate the remainder when 330891 is divided by 4242.
15
What is the remainder when 2447 is divided by 2152?
295
What is the remainder when 21155368 is divided by 10577607?
154
Calculate the remainder when 223446 is divided by 6449.
4180
What is the remainder when 257191498 is divided by 1860?
1858
What is the remainder when 1249692 is divided by 76?
24
Calculate the remainder when 817449 is divided by 272448.
105
What is the remainder when 165161 is divided by 755?
571
Calculate the remainder when 13383606 is divided by 6691803.
0
What is the remainder when 608176 is divided by 1487?
1480
What is the remainder when 31249366 is divided by 8311?
6
Calculate the remainder when 16576 is divided by 138.
16
Calculate the remainder when 25238855 is divided by 25238848.
7
What is the remainder when 12526461 is divided by 1361?
1178
Calculate the remainder when 70545519 is divided by 210.
9
Calculate the remainder when 322319946 is divided by 2953.
2949
Calculate the remainder when 757460878 is divided by 1980.
1978
What is the remainder when 72198111 is divided by 218?
217
What is the remainder when 272123 is divided by 45352?
11
Calculate the remainder when 2889840 is divided by 80.
0
Calculate the remainder when 1384339 is divided by 692168.
3
What is the remainder when 32030456 is divided by 2135363?
11
Calculate the remainder when 269574 is divided by 2072.
214
Calculate the remainder when 37102831 is divided by 16.
15
What is the remainder when 291992 is divided by 768?
152
Calculate the remainder when 18908599 is divided by 8.
7
Calculate the remainder when 335937 is divided by 2666.
21
Calculate the remainder when 819031 is divided by 45465.
661
Calculate the remainder when 1004628 is divided by 33467.
618
Calculate the remainder when 347088 is divided by 34669.
398
What is the remainder when 14719734 is divided by 31252?
42
What is the remainder when 659380 is divided by 10989?
40
What is the remainder when 214797465 is divided by 2318?
2313
What is the remainder when 407029 is divided by 3894?
2053
Calculate the remainder when 40257881 is divided by 76.
73
Calculate the remainder when 4105923 is divided by 679.